 94.
12
Calculate the remainder when 290 is divided by 58.
0
Calculate the remainder when 3057 is divided by 68.
65
Calculate the remainder when 87 is divided by 35.
17
What is the remainder when 120 is divided by 20?
0
Calculate the remainder when 92 is divided by 31.
30
What is the remainder when 12043 is divided by 7?
3
What is the remainder when 675 is divided by 85?
80
Calculate the remainder when 5113 is divided by 43.
39
Calculate the remainder when 498 is divided by 5.
3
Calculate the remainder when 813 is divided by 12.
9
What is the remainder when 118 is divided by 86?
32
What is the remainder when 12757 is divided by 110?
107
What is the remainder when 2292 is divided by 31?
29
What is the remainder when 1105 is divided by 184?
1
Calculate the remainder when 635 is divided by 151.
31
Calculate the remainder when 246 is divided by 20.
6
What is the remainder when 634 is divided by 57?
7
Calculate the remainder when 155 is divided by 40.
35
What is the remainder when 13264 is divided by 214?
210
What is the remainder when 11 is divided by 8?
3
Calculate the remainder when 30 is divided by 25.
5
What is the remainder when 2599 is divided by 52?
51
What is the remainder when 1202 is divided by 40?
2
Calculate the remainder when 1239 is divided by 18.
15
Calculate the remainder when 1611 is divided by 129.
63
What is the remainder when 1935 is divided by 121?
120
Calculate the remainder when 167 is divided by 10.
7
What is the remainder when 3491 is divided by 53?
46
What is the remainder when 27 is divided by 15?
12
What is the remainder when 124 is divided by 21?
19
Calculate the remainder when 578 is divided by 96.
2
Calculate the remainder when 186 is divided by 24.
18
What is the remainder when 48 is divided by 28?
20
Calculate the remainder when 978 is divided by 120.
18
What is the remainder when 599 is divided by 92?
47
Calculate the remainder when 83 is divided by 35.
13
What is the remainder when 1533 is divided by 24?
21
Calculate the remainder when 135 is divided by 99.
36
Calculate the remainder when 17 is divided by 5.
2
Calculate the remainder when 514 is divided by 47.
44
Calculate the remainder when 149 is divided by 34.
13
What is the remainder when 838 is divided by 18?
10
Calculate the remainder when 731 is divided by 20.
11
Calculate the remainder when 202 is divided by 70.
62
What is the remainder when 488 is divided by 80?
8
Calculate the remainder when 11155 is divided by 24.
19
What is the remainder when 381 is divided by 89?
25
What is the remainder when 221 is divided by 74?
73
What is the remainder when 112 is divided by 44?
24
What is the remainder when 817 is divided by 39?
37
Calculate the remainder when 854 is divided by 15.
14
What is the remainder when 12505 is divided by 236?
233
What is the remainder when 126 is divided by 26?
22
Calculate the remainder when 728 is divided by 150.
128
What is the remainder when 275 is divided by 65?
15
Calculate the remainder when 209 is divided by 66.
11
What is the remainder when 61 is divided by 16?
13
What is the remainder when 376 is divided by 14?
12
Calculate the remainder when 95 is divided by 81.
14
What is the remainder when 81 is divided by 48?
33
Calculate the remainder when 219 is divided by 59.
42
Calculate the remainder when 6377 is divided by 58.
55
Calculate the remainder when 30 is divided by 14.
2
Calculate the remainder when 24 is divided by 7.
3
What is the remainder when 3267 is divided by 109?
106
What is the remainder when 383 is divided by 95?
3
Calculate the remainder when 11190 is divided by 41.
38
What is the remainder when 918 is divided by 132?
126
What is the remainder when 440 is divided by 63?
62
Calculate the remainder when 105 is divided by 18.
15
Calculate the remainder when 930 is divided by 20.
10
Calculate the remainder when 898 is divided by 16.
2
What is the remainder when 19837 is divided by 10?
7
Calculate the remainder when 1020 is divided by 337.
9
Calculate the remainder when 158 is divided by 32.
30
What is the remainder when 102 is divided by 11?
3
Calculate the remainder when 94 is divided by 17.
9
What is the remainder when 166 is divided by 45?
31
Calculate the remainder when 1076 is divided by 8.
4
What is the remainder when 283 is divided by 140?
3
Calculate the remainder when 1941 is divided by 67.
65
Calculate the remainder when 30 is divided by 4.
2
Calculate the remainder when 319 is divided by 51.
13
Calculate the remainder when 262 is divided by 25.
12
Calculate the remainder when 1931 is divided by 8.
3
What is the remainder when 513 is divided by 283?
230
Calculate the remainder when 234 is divided by 74.
12
What is the remainder when 3820 is divided by 91?
89
What is the remainder when 122 is divided by 27?
14
What is the remainder when 122 is divided by 33?
23
What is the remainder when 299 is divided by 12?
11
What is the remainder when 555 is divided by 35?
30
Calculate the remainder when 86 is divided by 15.
11
Calculate the remainder when 215 is divided by 63.
26
What is the remainder when 86 is divided by 69?
17
What is the remainder when 3066 is divided by 89?
40
What is the remainder when 3012 is divided by 1003?
3
Calculate the remainder when 279 is divided by 34.
7
What is the remainder when 1089 is divided by 39?
36
Calculate the remainder when 194 is divided by 13.
12
What is the remainder when 7678 is divided by 24?
22
What is the remainder when 496 is divided by 197?
102
What is the remainder when 55 is divided by 37?
18
Calculate the remainder when 2660 is divided by 205.
200
What is the remainder when 654 is divided by 214?
12
Calculate the remainder when 555 is divided by 158.
81
What is the remainder when 4218 is divided by 1054?
2
Calculate the remainder when 72 is divided by 37.
35
What is the remainder when 1113 is divided by 18?
15
What is the remainder when 1894 is divided by 24?
22
Calculate the remainder when 2839 is divided by 150.
139
What is the remainder when 1580 is divided by 12?
8
Calculate the remainder when 1997 is divided by 50.
47
Calculate the remainder when 751 is divided by 13.
10
What is the remainder when 476 is divided by 53?
52
Calculate the remainder when 3908 is divided by 10.
8
Calculate the remainder when 1097 is divided by 24.
17
What is the remainder when 1071 is divided by 513?
45
Calculate the remainder when 365 is divided by 185.
180
Calculate the remainder when 49 is divided by 19.
11
Calculate the remainder when 884 is divided by 41.
23
What is the remainder when 1392 is divided by 28?
20
What is the remainder when 1358 is divided by 34?
32
Calculate the remainder when 52 is divided by 25.
2
What is the remainder when 4575 is divided by 8?
7
What is the remainder when 1407 is divided by 94?
91
What is the remainder when 61 is divided by 34?
27
What is the remainder when 7839 is divided by 7?
6
Calculate the remainder when 80 is divided by 28.
24
Calculate the remainder when 624 is divided by 7.
1
Calculate the remainder when 325 is divided by 100.
25
Calculate the remainder when 432 is divided by 129.
45
Calculate the remainder when 407 is divided by 113.
68
Calculate the remainder when 12275 is divided by 62.
61
What is the remainder when 239 is divided by 40?
39
What is the remainder when 4947 is divided by 10?
7
Calculate the remainder when 4006 is divided by 19.
16
Calculate the remainder when 294 is divided by 80.
54
Calculate the remainder when 573 is divided by 56.
13
Calculate the remainder when 625 is divided by 11.
9
What is the remainder when 172 is divided by 58?
56
What is the remainder when 21 is divided by 21?
0
Calculate the remainder when 480 is divided by 249.
231
What is the remainder when 106 is divided by 40?
26
What is the remainder when 396 is divided by 64?
12
What is the remainder when 309 is divided by 108?
93
What is the remainder when 13259 is divided by 34?
33
What is the remainder when 142 is divided by 25?
17
What is the remainder when 340 is divided by 43?
39
Calculate the remainder when 337 is divided by 20.
17
Calculate the remainder when 1330 is divided by 53.
5
Calculate the remainder when 235 is divided by 57.
7
What is the remainder when 5323 is divided by 1769?
16
What is the remainder when 1571 is divided by 12